he tens digit of t?
1
Suppose -4*k = -13 + 21. Let u be (-3 - k)/(7 + -8). Suppose u + 27 = 2*s. What is the units digit of s?
4
Suppose -1042*f + 1043*f - 8606 = -2*j, -5*f + 42952 = -3*j. What is the tens digit of f?
9
What is the thousands digit of ((-48)/40 + (-362628)/(-40))*(-2)/(-3)?
6
Suppose 7*m - 25 - 31 = 0. Let l(c) = -161*c - 1. Let y(h) = 484*h + 4. Let u(t) = m*l(t) + 3*y(t). What is the tens digit of u(1)?
6
Let v = -106 + 10. Let p be (28/(-6))/(8/v). Suppose -2*f + 30 + p = 0. What is the tens digit of f?
4
Let k(z) = 95*z + 15. Let p be k(13). Suppose 5*m = 3*r - 1952 - 1747, -4*m + p = r. What is the tens digit of r?
3
Suppose 93*a + 174*a = 44*a + 4979144. What is the units digit of a?
8
Suppose -5*x + 4*g + 7885 = -840, -3*x = -3*g - 5238. Let s = x + -494. What is the thousands digit of s?
1
What is the units digit of -2*((-272)/40 - -7)*-175070?
8
Let b(r) = r**2 + 21*r + 28. Let z be b(-20). Suppose v - 32 = -4*u - 0, u = 3*v + z. Suppose -3*j + u*j - 150 = 0. What is the units digit of j?
0
Let n(r) = 10*r**2 + 29*r + 87. Let p(l) = 5*l**2 + 16*l + 43. Let c(w) = -2*n(w) + 5*p(w). What is the units digit of c(-10)?
1
Let h be 58/7 - -4*3/(-42). Suppose 6*g = -h*g + 4886. What is the units digit of g?
9
Let v be -18*2/(-6) + 1182. Suppose v = -7*d + 3323. What is the units digit of d?
5
What is the units digit of 236770/(-60)*-6 + -12?
5
Let v(b) = b**3 + 57*b**2 + 803*b + 42. What is the hundreds digit of v(-27)?
2
What is the units digit of -2 - 3 - -4077*(-12)/(-9)?
1
Suppose -5*v + v = 5*s + 1626, -s = 2*v + 810. Let y = v - -804. Suppose 0*p + y = 5*p. What is the units digit of p?
0
Let t(r) = 68*r**2 + 14*r - 18 - 3 - 57*r**2 - r**3. Let u be t(12). Suppose -u*w - 5*y - 17 = -119, -2*y - 84 = -2*w. What is the units digit of w?
9
Let w be 1/(229058/(-45815) + 1*5). Suppose 277*g - 282*g = -w. What is the units digit of g?
9
Suppose -4*l + 6*c - 5*c = -18, -2*l = 3*c - 16. Suppose l*v = v - m + 6659, -3 = 3*m. What is the tens digit of v?
6
Suppose 4*a = -6031 - 1145. Let i = a + 2599. What is the units digit of i?
5
Suppose -4*l = -3*o - 191565, 136015 = 4*l - o - 55560. What is the units digit of l?
5
Suppose -2*z - 4*s = -14680, 0 = -2*z - 2*s + 16323 - 1637. What is the thousands digit of z?
7
Let l be (-48)/(-80) - (156/10 - 0). Let r(s) = 14*s + 29. Let b be r(l). Let u = -116 - b. What is the units digit of u?
5
Let g = 64057 + -41191. What is the hundreds digit of g?
8
Let z(r) = 393*r - 119*r - 134*r - 199 + 6*r**2 - 130*r. What is the hundreds digit of z(9)?
3
Let g = -306 - -545. Suppose b - g = -j, -17*j + 4*b - 716 = -20*j. What is the hundreds digit of j?
2
Suppose -6 = -5*b - p, -3*b - 1 = 2*p + 1. Let o be 131 + 1/(b - 1). Suppose i = -q + o, -2*i = 3*i + 4*q - 664. What is the hundreds digit of i?
1
Suppose 2*f - 546 = 210. Suppose -2*o - 4*r = -f, -4*o = -3*o - r - 183. What is the units digit of o?
5
Let t be 4/(-1) + (5 - 1). Let q = t + 10. Suppose 0 = -7*b + q*b - 216. What is the units digit of b?
2
Let z be -8 - 12/18*-6. What is the units digit of 59 + z - 8/(-8)?
6
Let r(c) = -3*c - 13. Let y be r(-6). Suppose -4*b - 2536 = -y*l, 2*l + 5*b = 3*l - 503. What is the units digit of l?
8
Let q = 13478 + -6414. What is the units digit of q?
4
Let w(j) = 2*j**3 - j**2 - 6*j - 10. Let p be w(0). What is the hundreds digit of (-15)/p + 2766/4?
6
Let m(a) = -a**3 + 7*a**2 - 7*a + 15. Let h be (-644)/(-105) + 26/30 + -1. Let b be m(h). What is the units digit of 2/(-3) + 1 + 870/b?
7
What is the hundreds digit of (-1 - (33 + 7)/(-8))/((-3)/(-405))?
5
Suppose -2*x - 311 = -1299. What is the units digit of 1/(1/x) + -2?
2
Let u = -176 - -195. Let m(r) = 8*r + 63. What is the tens digit of m(u)?
1
Let i(v) = -3*v**3 + 16*v**2 - 17*v + 122. What is the thousands digit of i(-13)?
9
Let h = 27 - 13. Suppose -2*s + 2142 = -5*i, -18*s + 4254 = -h*s + 5*i. What is the tens digit of s?
6
Suppose 0 = -3*n - d + 25, -3*n - 4*d = -7*n + 12. Suppose n*l = -6*l + 2210. What is the units digit of l?
0
What is the thousands digit of (-6)/30 - (-849261)/105?
8
Suppose 3*y - 5*x - 1 = 3, -y - 1 = -4*x. Suppose 4*v + y*v - 14 = 0. Suppose -f - 2*o + 78 = -3*o, 0 = v*o. What is the tens digit of f?
7
Suppose -7 + 35 = 2*u. Suppose -g - g = -u. Suppose 568 = 11*w - g*w. What is the tens digit of w?
4
Let x = -59 + 74. Suppose -x + 20 = a. Suppose -97 = -3*l + l - a*s, -203 = -4*l - s. What is the units digit of l?
1
Suppose 7691 = 3*x - g, -2*g = -4*g - 10. Suppose -3*k + x = -0*k + 3*n, 5*n = -10. What is the tens digit of k?
5
Suppose -2*g - 69636 = -5*a, 9*g - 55695 = -4*a + 6*g. What is the hundreds digit of a?
9
What is the tens digit of -3 - (-908)/6*1/(24/4644)?
8
Let i = 11 + -287. Let y = -150 - i. What is the units digit of y?
6
Suppose 0 = -0*o - 13*o - 52. Let a(g) = -174*g + 31. What is the hundreds digit of a(o)?
7
Let v be 1216/(-10) + 3/(-15)*2. Let s = v + 436. What is the hundreds digit of s?
3
Let s be ((-196)/6)/((-40)/420) + 2. Let h = s - 58. What is the tens digit of h?
8
Let y(x) = -398*x - 1. Let h be y(-2). Suppose -2*l + 3*g = -h, -2*g + 1485 = 4*l - 113. What is the tens digit of l?
9
Let y(j) = -j**3 + 11*j**2 - 10*j. Let d = -70 + 74. Let o be y(d). Let r = 184 + o. What is the hundreds digit of r?
2
Let l(h) = -3*h**3 + 21*h**2 + 100*h + 22. Let q(w) = 7*w**3 - 41*w**2 - 202*w - 45. Let b(s) = -9*l(s) - 4*q(s). What is the hundreds digit of b(-22)?
5
Let c = 30289 + -14825. What is the units digit of c?
4
Let i = 23023 + -20878. What is the thousands digit of i?
2
Suppose 0 = c - 10 - 47. Let g = 131 - c. Suppose -g = -2*u + 174. What is the units digit of u?
4
Let i = -46726 - -79490. What is the thousands digit of i?
2
Suppose 51*c + 157116 = 3*n + 38*c, -209396 = -4*n + 2*c. What is the hundreds digit of n?
3
Let p = -1364 + 4571. What is the thousands digit of p?
3
Suppose 0 = -5*o + 36*b - 37*b + 108273, 5*b = -3*o + 64977. What is the tens digit of o?
5
Let f(r) be the third derivative of r**5/12 - r**4/24 - 8*r**3/3 - 26*r**2. Suppose 22 = 4*l + 2*i, -7*i = -4*l - 2*i + 29. What is the hundreds digit of f(l)?
1
Suppose 345*r - 355*r = -3300. What is the hundreds digit of r?
3
Let f(g) = g**3 + 22*g**2 - 2*g - 41. Let d be 3/4*-14*(80 - 78). What is the hundreds digit of f(d)?
4
Let h(c) = 37*c**2 - 9*c - 3. Suppose -3*w = 2*l - 7, -2*w + 7 = 4*l - 3. What is the units digit of h(l)?
7
Suppose 0 = 173*p + 136*p - 17587044. What is the hundreds digit of p?
9
Let z(w) = -59*w - 5. Let h(x) = 1. Let r(b) = -6*h(b) - z(b). Let o be r(-2). Let v = -83 - o. What is the tens digit of v?
3
Let y be (10 + -1)/(-3)*(-8)/(-6). Let b be (-109)/y*(-44)/11. Let w = -63 - b. What is the tens digit of w?
4
Let m = -8524 - -13026. What is the thousands digit of m?
4
Let d(y) = 7*y**3 - 2*y + 1. Let j = 31 - 30. Let t be d(j). What is the units digit of 0/(-3) - 4 - (-93 + t)?
3
Let x(u) = -u**2 + 8*u - 2. Let h be x(8). Let k be (-50)/40 - ((-7)/(-4) + h). What is the units digit of (-3948)/(-36) + 0 + k/(-3)?
0
Suppose 3*q - 203 = -4*v, 160 = 3*v - 5*q + 15. Let g be 9 - (2 + 3) - -44*1. Let i = v - g. What is the units digit of i?
2
Let x be -2 + 0 + -1 + (1 - -9370). What is the hundreds digit of 2/(-7) - x/(-56)?
1
Let c(q) = -3*q + 24. Let a be c(8). Suppose a = -26*o + 3572 + 5138. What is the units digit of o?
5
Suppose -2*a = -6, -3*o + 57003 = 1744*a - 1739*a. What is the units digit of o?
6
Suppose 134*n - 127*n = -28. What is the hundreds digit of 417 - ((-3)/(-8 - -5) - n)?
4
Let w = 16 - 14. Suppose -4 = 2*f + 4*x, -w*x - 2*x - 60 = -5*f. What is the units digit of (-3 - -1*(3 + 1))*f?
8
Let l = 184 - 154. What is the hundreds digit of 13/(65/l) + 516?
5
Let d(j) = -j**3 - 82*j**2 - 113*j - 223. What is the hundreds digit of d(-87)?
4
Suppose 5*q = -3*n + 918, -3*q - 2*q = 4*n - 919. Let i = -88 + q. What is the units digit of i?
5
Let w(g) = -11*g + 99. Let b be w(9). Let y(z) = -2*z**2 - 3*z + 290. What is the hundreds digit of y(b)?
2
Suppose -o = 20*u - 19*u - 3567, 17838 = 5*o + 2*u. What is the thousands digit of o?
3
Suppose 1140 = 42*b - 39*b. Let k = b + -4. What is the units digit of k?
6
What is the units digit of 32*((-11625)/(-60) + 10)?
0
What is the tens digit of (3 